{"id":3064,"date":"2019-12-10T14:25:20","date_gmt":"2019-12-10T12:25:20","guid":{"rendered":"http:\/\/cavie.happydev.gr\/?page_id=3064"},"modified":"2025-07-07T09:26:43","modified_gmt":"2025-07-07T07:26:43","slug":"testimonials-2012","status":"publish","type":"page","link":"https:\/\/valueinvestingeducation.com\/index.php\/executive-education\/testimonials2019\/testimonials-2012\/","title":{"rendered":"2012 TESTIMONIALS"},"content":{"rendered":"<p>[vc_row css=&#8221;.vc_custom_1575966385757{padding-top: 3rem !important;}&#8221; el_id=&#8221;testimons&#8221;][vc_column][vc_row_inner][vc_column_inner][vc_column_text]\u201cIt was a great learning and enjoyable week, finally being able to value a business with confidence. I have been reading many books which stated the theory but this course used that theory and applied it to real world cases &#8211; could not have done it without George, thank you!&#8221;<br \/>\n<span style=\"color: #b3a84f;\">&#8211; Nithi Chansrichawla, Individual Investor<\/span><br \/>\n<span style=\"color: #b3a84f;\">Bangkok, Thailand<\/span>[\/vc_column_text][\/vc_column_inner][\/vc_row_inner][vc_row_inner][vc_column_inner][vc_column_text]\u201cThe Value Investing Seminar not only provided me practical tools to apply in my investment selections, but also helped me better understand the important principles of value investing. The concepts became so clear to me after I sat through the seminar. Very good session!&#8221;<br \/>\n<span style=\"color: #b3a84f;\">-Susan Guan, Individual Investor<\/span><br \/>\n<span style=\"color: #b3a84f;\">Toronto, ON, Canada<\/span>[\/vc_column_text][\/vc_column_inner][\/vc_row_inner][vc_row_inner][vc_column_inner][vc_column_text]\u201cAlthough I am very firm with the Value Investing philosophy and have been breathing Value Investing over many years, as an economist, I had a lack of doing the valuation stuff. Your Value Investing course was very helpful on that issue and I really appreciated it. So, many thanks for all!&#8221;<br \/>\n<span style=\"color: #b3a84f;\">&#8211; Christian Kahler, DZ Bank<\/span><br \/>\n<span style=\"color: #b3a84f;\">Frankfurt, Germany<\/span>[\/vc_column_text][\/vc_column_inner][\/vc_row_inner][vc_row_inner][vc_column_inner][vc_column_text]\u201cIt was a great pleasure to attend the seminar. From now on, I will try to put in place the knowledge Dr. Athanassakos gave us.&#8221;<br \/>\n<span style=\"color: #b3a84f;\">&#8211; Jos\u00e9 M\u00e9ndez Roth, March Gesti\u00f3n de Fondos<\/span><br \/>\n<span style=\"color: #b3a84f;\">Madrid, Spain<\/span>[\/vc_column_text][\/vc_column_inner][\/vc_row_inner][vc_row_inner][vc_column_inner][vc_column_text]\u201cI enjoyed attending the seminar and consider myself lucky to have learnt from Dr. Athanassakos. The seminar was well balanced between teaching and doing, and it definitely helped us gain the right perspective on the whole approach.&#8221;<br \/>\n<span style=\"color: #b3a84f;\">&#8211; Vamsi Parchuri, Individual Investor<\/span><br \/>\n<span style=\"color: #b3a84f;\">Hyderabad, India<\/span>[\/vc_column_text][\/vc_column_inner][\/vc_row_inner][vc_row_inner][vc_column_inner][vc_column_text]\u201cThe course brought a great insight on value investing. There was an equal balance between theory and practice on the subject of value investing making the approach effective. It was a pleasure to meet George who made a complex subject so simple. As such, the seminar on value investing is so rare that there is actually nothing to compare it to. Keep up the good work.&#8221;<br \/>\n<span style=\"color: #b3a84f;\">&#8211; Kosta Segounis, National Bank of Canada<\/span><br \/>\n<span style=\"color: #b3a84f;\">Montr\u00e9al, QC, Canada<\/span>[\/vc_column_text][\/vc_column_inner][\/vc_row_inner][vc_row_inner][vc_column_inner][vc_column_text]\u201cI thoroughly enjoyed the class and learned a tremendous amount during the week I spent at the seminar. Thanks again for a great week.&#8221;<br \/>\n<span style=\"color: #b3a84f;\">&#8211; Larry Waxman, Waxman Consumer Products Group<\/span><br \/>\n<span style=\"color: #b3a84f;\">Bedford Heights, OH, USA<\/span>[\/vc_column_text][\/vc_column_inner][\/vc_row_inner][\/vc_column][\/vc_row]<\/p>\n","protected":false},"excerpt":{"rendered":"<p>[vc_row css=&#8221;.vc_custom_1575966385757{padding-top: 3rem !important;}&#8221; el_id=&#8221;testimons&#8221;][vc_column][vc_row_inner][vc_column_inner][vc_column_text]\u201cIt was a great learning and enjoyable week, finally being able to value a business with [&hellip;]<\/p>\n","protected":false},"author":2,"featured_media":0,"parent":2860,"menu_order":0,"comment_status":"closed","ping_status":"closed","template":"","meta":[],"_links":{"self":[{"href":"https:\/\/valueinvestingeducation.com\/index.php\/wp-json\/wp\/v2\/pages\/3064"}],"collection":[{"href":"https:\/\/valueinvestingeducation.com\/index.php\/wp-json\/wp\/v2\/pages"}],"about":[{"href":"https:\/\/valueinvestingeducation.com\/index.php\/wp-json\/wp\/v2\/types\/page"}],"author":[{"embeddable":true,"href":"https:\/\/valueinvestingeducation.com\/index.php\/wp-json\/wp\/v2\/users\/2"}],"replies":[{"embeddable":true,"href":"https:\/\/valueinvestingeducation.com\/index.php\/wp-json\/wp\/v2\/comments?post=3064"}],"version-history":[{"count":13,"href":"https:\/\/valueinvestingeducation.com\/index.php\/wp-json\/wp\/v2\/pages\/3064\/revisions"}],"predecessor-version":[{"id":4951,"href":"https:\/\/valueinvestingeducation.com\/index.php\/wp-json\/wp\/v2\/pages\/3064\/revisions\/4951"}],"up":[{"embeddable":true,"href":"https:\/\/valueinvestingeducation.com\/index.php\/wp-json\/wp\/v2\/pages\/2860"}],"wp:attachment":[{"href":"https:\/\/valueinvestingeducation.com\/index.php\/wp-json\/wp\/v2\/media?parent=3064"}],"curies":[{"name":"wp","href":"https:\/\/api.w.org\/{rel}","templated":true}]}}